lculate the highest common factor of 1080 and 30.
30
Calculate the greatest common divisor of 34170 and 30.
30
Calculate the highest common factor of 8125 and 125.
125
Calculate the highest common factor of 33 and 1903.
11
What is the highest common factor of 168 and 784?
56
Calculate the highest common divisor of 27 and 783.
27
Calculate the highest common divisor of 64 and 608.
32
What is the highest common factor of 529 and 23?
23
Calculate the greatest common factor of 4 and 158.
2
What is the highest common factor of 979 and 89?
89
What is the highest common divisor of 85 and 125?
5
What is the highest common factor of 32 and 232?
8
What is the highest common factor of 210 and 3395?
35
Calculate the greatest common factor of 641 and 1.
1
Calculate the highest common divisor of 64 and 2384.
16
What is the highest common divisor of 152 and 8?
8
What is the highest common factor of 144 and 20?
4
Calculate the greatest common factor of 6077 and 103.
103
Calculate the highest common factor of 943 and 574.
41
What is the greatest common factor of 272 and 51?
17
What is the greatest common divisor of 49 and 21?
7
What is the highest common divisor of 45 and 6?
3
What is the greatest common factor of 95 and 38?
19
Calculate the highest common factor of 1335 and 90.
15
What is the highest common divisor of 54 and 837?
27
What is the highest common factor of 175 and 10?
5
What is the highest common factor of 54 and 144?
18
Calculate the greatest common divisor of 140 and 875.
35
Calculate the greatest common divisor of 68 and 714.
34
Calculate the greatest common factor of 20329 and 29.
29
Calculate the highest common factor of 108 and 72.
36
Calculate the highest common factor of 387 and 3182.
43
Calculate the highest common divisor of 126 and 1106.
14
Calculate the greatest common divisor of 10 and 10.
10
What is the highest common factor of 17 and 595?
17
Calculate the highest common factor of 7366 and 58.
58
What is the greatest common divisor of 90 and 495?
45
What is the greatest common divisor of 127 and 6731?
127
What is the highest common divisor of 16 and 1168?
16
What is the highest common divisor of 611 and 351?
13
What is the highest common divisor of 60 and 140?
20
Calculate the greatest common factor of 285 and 456.
57
Calculate the highest common divisor of 10432 and 163.
163
Calculate the greatest common divisor of 10 and 35.
5
Calculate the highest common divisor of 975 and 273.
39
Calculate the greatest common divisor of 340 and 3655.
85
Calculate the greatest common factor of 54 and 10.
2
What is the highest common divisor of 14 and 70?
14
What is the highest common divisor of 436 and 545?
109
Calculate the greatest common divisor of 248 and 3503.
31
Calculate the greatest common factor of 162 and 12.
6
What is the highest common factor of 184 and 1?
1
What is the greatest common factor of 1378 and 52?
26
What is the greatest common factor of 2280 and 240?
120
What is the greatest common factor of 111 and 592?
37
What is the highest common factor of 1562 and 198?
22
Calculate the highest common divisor of 30 and 135.
15
What is the greatest common factor of 21 and 357?
21
Calculate the greatest common factor of 381 and 1016.
127
What is the highest common factor of 1048 and 917?
131
Calculate the highest common divisor of 891 and 55.
11
What is the greatest common factor of 154 and 539?
77
Calculate the greatest common divisor of 1184 and 16280.
296
What is the greatest common divisor of 1804 and 396?
44
What is the greatest common divisor of 33 and 946?
11
What is the greatest common factor of 689 and 13?
13
Calculate the greatest common factor of 2072 and 1400.
56
What is the highest common divisor of 17 and 408?
17
Calculate the greatest common factor of 15 and 3.
3
Calculate the greatest common divisor of 783 and 145.
29
Calculate the greatest common divisor of 690 and 870.
30
Calculate the highest common factor of 58 and 14297.
29
What is the greatest common factor of 50 and 1630?
10
Calculate the highest common divisor of 244 and 76372.
244
Calculate the highest common factor of 767 and 26.
13
What is the greatest common factor of 341 and 77?
11
Calculate the highest common factor of 236 and 531.
59
What is the highest common factor of 272 and 34?
34
Calculate the greatest common divisor of 68 and 2618.
34
Calculate the greatest common divisor of 18060 and 7.
7
Calculate the greatest common factor of 215 and 817.
43
Calculate the highest common divisor of 960 and 15.
15
What is the highest common factor of 1770 and 50?
10
Calculate the greatest common divisor of 19 and 437.
19
Calculate the greatest common divisor of 2926 and 3458.
266
What is the highest common factor of 186 and 6?
6
What is the highest common factor of 3 and 1425?
3
Calculate the highest common divisor of 32 and 1744.
16
Calculate the highest common divisor of 7047 and 522.
261
Calculate the greatest common divisor of 48 and 84.
12
What is the highest common factor of 6152 and 16?
8
What is the highest common divisor of 137 and 17399?
137
What is the greatest common divisor of 954 and 212?
106
Calculate the highest common factor of 896 and 1708.
28
What is the greatest common divisor of 7914 and 6?
6
What is the highest common divisor of 26 and 2353?
13
Calculate the highest common divisor of 168 and 3192.
168
Calculate the highest common divisor of 13 and 13.
13
Calculate the greatest common divisor of 2255 and 55.
55
Calculate the greatest common divisor of 138 and 92.
46
Calculate the greatest common factor of 174 and 6.
6
Calculate the greatest common divisor of 9 and 1584.
9
What is the greatest common divisor of 27 and 513?
27
What is the highest common divisor of 186 and 42?
6
What is the greatest common divisor of 8 and 3032?
8
Calculate the highest common divisor of 127028 and 44.
44
Calculate the greatest common divisor of 18 and 25191.
9
What is the highest common factor of 40 and 1000?
40
Calculate the highest common divisor of 6 and 2562.
6
What is the highest common factor of 53 and 424?
53
What is the greatest common factor of 30 and 6?
6
What is the highest common factor of 10 and 38?
2
What is the greatest common factor of 105 and 9?
3
What is the highest common factor of 45 and 45?
45
Calculate the highest common divisor of 78 and 54.
6
What is the greatest common divisor of 140 and 17780?
140
Calculate the greatest common divisor of 7343 and 7.
7
What is the highest common divisor of 92 and 828?
92
What is the highest common factor of 50 and 11825?
25
Calculate the highest common divisor of 7068 and 38.
38
What is the greatest common divisor of 10143 and 46?
23
What is the greatest common divisor of 2792 and 56?
8
What is the highest common factor of 344 and 56?
8
Calculate the highest common divisor of 95 and 361.
19
What is the highest common factor of 111 and 1110?
111
What is the highest common divisor of 6 and 129?
3
Calculate the greatest common factor of 368 and 23000.
184
Calculate the highest common divisor of 272 and 1264.
16
What is the greatest common factor of 851 and 407?
37
What is the greatest common factor of 6075 and 825?
75
What is the greatest common factor of 315 and 455?
35
Calculate the greatest common factor of 57 and 1083.
57
Calculate the greatest common divisor of 71 and 71.
71
Calculate the greatest common factor of 540 and 20.
20
What is the greatest common factor of 1 and 1?
1
Calculate the highest common factor of 432 and 1104.
48
What is the highest common factor of 912 and 171?
57
Calculate the greatest common factor of 115610 and 110.
110
What is the highest common factor of 1 and 41?
1
What is the greatest common factor of 1344 and 21?
21
Calculate the highest common factor of 140 and 175.
35
Calculate the highest common divisor of 495 and 7260.
165
Calculate the greatest common divisor of 451 and 99.
11
What is the highest common divisor of 7081 and 219?
73
Calculate the highest common divisor of 497 and 7.
7
What is the highest common factor of 351 and 54?
27
What is the highest common divisor of 12690 and 10?
10
What is the highest common divisor of 4016 and 32?
16
Calculate the highest common factor of 6825 and 637.
91
What is the highest common factor of 6478 and 82?
82
What is the highest c